1?
-1263
In base 10, what is -6117 - -2?
-6115
In base 4, what is 313 - 1?
312
In base 12, what is 99 + -2?
97
In base 9, what is -810 + 4?
-805
In base 11, what is 4 - -15a?
163
In base 8, what is -55 + -54?
-131
In base 7, what is -266 - -3?
-263
In base 14, what is -4 - 80?
-84
In base 9, what is 114 - -8?
123
In base 7, what is 46632 - 3?
46626
In base 3, what is 11202 + -11?
11121
In base 2, what is 10001001 - -11000?
10100001
In base 12, what is -5 + 316?
311
In base 8, what is 2 + 63?
65
In base 8, what is 37730 - 3?
37725
In base 6, what is -1 + -100?
-101
In base 4, what is -1011 + 100?
-311
In base 8, what is 4 - 33?
-27
In base 14, what is 6d + -2?
6b
In base 10, what is 251 + 0?
251
In base 5, what is -124221 - -10?
-124211
In base 15, what is 2e - 17?
17
In base 16, what is 159 + 2?
15b
In base 16, what is -1d - 23?
-40
In base 7, what is 12 - -50?
62
In base 11, what is 381 - 6?
376
In base 3, what is -1 - 22111?
-22112
In base 11, what is 531 - -1?
532
In base 7, what is 10 - -11?
21
In base 14, what is -1 + -36?
-37
In base 7, what is -161 - -5?
-153
In base 3, what is 2 + -22010?
-22001
In base 10, what is -648 - 2?
-650
In base 13, what is 522 - -4?
526
In base 4, what is -210112 - 10?
-210122
In base 12, what is -474 + -4?
-478
In base 9, what is 1 + -258?
-257
In base 3, what is 1222 - -12?
2011
In base 13, what is c6 - -6?
cc
In base 3, what is 11 + -101021?
-101010
In base 7, what is -20 + -324?
-344
In base 3, what is -1 - -112220?
112212
In base 15, what is 44 + 6?
4a
In base 5, what is -3 - 13232?
-13240
In base 2, what is -1010 + 101?
-101
In base 13, what is -8c53 - 0?
-8c53
In base 14, what is 8b + 5?
92
In base 12, what is -5 + 33?
2a
In base 4, what is 3 + 122120?
122123
In base 7, what is 1253 + -2?
1251
In base 4, what is -3223 + 110?
-3113
In base 9, what is 7 - -1364?
1372
In base 15, what is 2 + 3a?
3c
In base 4, what is 3 + -230203?
-230200
In base 5, what is -24 - 4?
-33
In base 5, what is -10 + 123?
113
In base 5, what is -3 + -24213?
-24221
In base 12, what is 0 + -75?
-75
In base 7, what is 132 - 344?
-212
In base 15, what is -5 + 22?
1c
In base 11, what is 3 + -1014?
-1011
In base 15, what is 1462 + -3?
145e
In base 4, what is 21332 - 230?
21102
In base 4, what is -20 - 1023?
-1103
In base 7, what is 1652 + 11?
1663
In base 7, what is -426 + 1?
-425
In base 11, what is -423 - -4?
-41a
In base 4, what is 1001 - 22?
313
In base 10, what is 223 - -105?
328
In base 4, what is -2 - -302?
300
In base 4, what is 1 + -313?
-312
In base 6, what is -5 - 13232?
-13241
In base 16, what is 9 + f?
18
In base 6, what is 3053 + 3?
3100
In base 15, what is 90 - 1a?
75
In base 4, what is 1 + 101?
102
In base 14, what is 0 - 28?
-28
In base 11, what is -1a50 + -1?
-1a51
In base 8, what is 43 - 37?
4
In base 12, what is 3b + -1?
3a
In base 4, what is -20113 - -12?
-20101
In base 12, what is -349 + 0?
-349
In base 12, what is -3 + -347?
-34a
In base 15, what is 3 + -c9?
-c6
In base 5, what is 114 + 1020?
1134
In base 11, what is 5 + -a6?
-a1
In base 8, what is 35 - -12?
47
In base 9, what is 3355 + 1?
3356
In base 10, what is -5 + -132?
-137
In base 13, what is -5 + 19?
14
In base 16, what is -3 + 6?
3
In base 8, what is 0 + -320?
-320
In base 16, what is 8 - -a5?
ad
In base 14, what is 5 + 0?
5
In base 8, what is 3 + 4214?
4217
In base 5, what is 30 - -323?
403
In base 2, what is -10 - -1110000?
1101110
In base 11, what is -1 - -1a66?
1a65
In base 4, what is -10 - 21323?
-21333
In base 9, what is -5 - -200?
184
In base 15, what is 0 - 20?
-20
In base 11, what is -11 - -19?
8
In base 12, what is -3892 + 5?
-3889
In base 14, what is -6 - -70?
68
In base 8, what is 2477 + -4?
2473
In base 4, what is -11 + -11?
-22
In base 15, what is 2 - 7a?
-78
In base 6, what is 2345 + -21?
2324
In base 9, what is 4 + 8?
13
In base 7, what is 2 - 145?
-143
In base 11, what is 5a59 - 3?
5a56
In base 3, what is -1 + 11110201?
11110200
In base 8, what is 521 - 6?
513
In base 8, what is -20 + 5?
-13
In base 14, what is 4 + -32?
-2c
In base 16, what is -1 + 35?
34
In base 15, what is 5 + d5?
da
In base 10, what is 0 - 138?
-138
In base 4, what is 1200 - -101?
1301
In base 7, what is 6 - -111?
120
In base 12, what is 1a + -5?
15
In base 13, what is -232 + -1?
-233
In base 15, what is -36e + 5?
-369
In base 9, what is 3 - 0?
3
In base 13, what is 2 - 4c?
-4a
In base 13, what is -3 - -24b?
248
In base 15, what is -5 - 96?
-9b
In base 11, what is 0 + 185?
185
In base 2, what is -100 - 1111010111?
-1111011011
In base 11, what is -345 + 5?
-340
In base 11, what is -12 - -138a?
1378
In base 2, what is 1 + 1100010?
1100011
In base 15, what is -5d + 1?
-5c
In base 8, what is 4 - 770?
-764
In base 15, what is 9 - -11e?
128
In base 7, what is 0 - -146?
146
In base 2, what is -110 - 111000110111?
-111000111101
In base 7, what is -50 - 0?
-50
In base 11, what is -7 - 11a?
-126
In base 5, what is -3 + -1431?
-1434
In base 11, what is -18 + -2?
-1a
In base 6, what is -2 - 13231?
-13233
In base 10, what is -44 + 7?
-37
In base 12, what is 1306 - 2?
1304
In base 11, what is 2 - 141?
-13a
In base 16, what is 1b + -4?
17
In base 3, what is -122 + 1102?
210
In base 12, what is -218 - 3?
-21b
In base 13, what is 0 - 94?
-94
In base 3, what is -12 - 1002?
-1021
In base 14, what is b0 - d?
a1
In base 9, what is 38 + -2?
36
In base 9, what is 4 - 262?
-257
In base 7, what is 3 - -16630?
16633
In base 16, what is -a - 141?
-14b
In base 15, what is 1b87 - 0?
1b87
In base 14, what is 172 + -5?
16b
In base 16, what is 2 + 25?
27
In base 10, what is 62 + -6?
56
In base 13, what is -49 - -3?
-46
In base 7, what is -112264 - -4?
-112260
In base 5, what is 2104 - -2?
2111
In base 8, what is 5 + 413?
420
In base 6, what is -302 - -25?
-233
In base 10, what is 14 - -208?
222
In base 13, what is 1 + 0?
1
In base 9, what is -2 - 51?
-53
In base 13, what is 19 - 6?
13
In base 12, what is 389 + 4?
391
In base 4, what is -12 - -103?
31
In base 13, what is -1 - 13b?
-13c
In base 9, what is -1810 - -5?
-1804
In base 2, what is -100 - 1010010110?
-1010011010
In base 8, what is -260 - 13?
-273
In base 10, what is -18 - 185?
-203
In base 15, what is e4 - -4?
e8
In base 14, what is -4 + 7b6?
7b2
In base 2, what is -1011 + 10001?
110
In base 16, what is -47 - -3?
-44
In base 13, what is 332 + -1?
331
In base 2, what is -1000011010 + 10011?
-1000000111
In base 6, what is -11104 - 1?
-11105
In base 2, what is -100001001 - 101?
-100001110
In base 6, what is 1212 - -5?
1221
In base 3, what is 1210002 + -2?
1210000
In base 15, what is -d + 12?
4
In base 7, what is 4 - -6656?
6663
In base 12, what is -1 + 0?
-1
In base 16, what is -3 + 1e?
1b
In base 5, what is -13 - -22331?
22313
In base 7, what is -30 - -201?
141
In base 6, what is 4 + 2421?
2425
In base 10, what is -1 - 5?
-6
In base 15, what is -2 - -14a?
148
In base 12, what is 33b - -3?
342
In base 4, what is 3 + 103?
112
In base 6, what is -234 + -1?
-235
In base 12, what is -4 - 67?
-6b
In base 5, what is -1324 - 4?
-1333
In base 15, what is -58c5 + 1?
-58c4
In base 3, what is -12110 + -102?
-12212
In base 7, what is -215 - 4?
-222
In base 8, what is 1 + 1674?
1675
In base 16, what is -13 + -362?
-375
In base 10, what is -1034 - -5?
-1029
In base 13, what is 39b + 10?
3ab
In base 13, what is -1c4 - 1?
-1c5
In base 6, what is 51 - -5?
100
In base 14, what is -6a8 - 1?
-6a9
In base 13, what is -1b - -15?
-6
In base 11, what is 26 - -21?
47
In base 16, what is 22 + 7?
29
In base 8, what is 30 - -1?
31
In base 14, what is 239a - 3?
2397
In base 6, what is 211 + 10?
221
In base 2, what is 1111 + -1110010001?
-1110000010
In base 2, what is 100001 + 1001010?
1101011
In base 16, what is 4 - 2b?
-27
In base 16, what is -2 + 69?
67
In base 13, what is -3 - 6c2?
-6c5
In base 8, what is 5 - -157?
164
In base 5, what is 120 - 1?
114
In base 2, what is 10001000 + 101?
10001101
In base 16, what is 12 - 1?
11
In base 9, what is -5 - 237?
-243
In base 13, what is 1 + -3a?
-39
In base 7, what is 0 - 26?
-26
In base 2, what is 101 - -1001110?
1010011
In base 16, what is -20 - 8f?
-af
In base 9, what is -182 - -1?
-181
In base 4, what is 100 - 1121?
-1021
In base 8, what is -2017 + -5?
-2024
In base 8, what is 0 + -2321?
-2321
In base 7, what is 2 - 133